4
91
(18 - -43) + -6 + (-10 - (-4 + 3))
46
Calculate 69 - (1 + (20 - 10) + 15).
43
Calculate 12 + 109 + 8 - (19 + -6 - 15 - -11).
120
What is the value of 4 + -1 - (20 + (-8 - (-10 - -6)) - 18)?
5
Evaluate 12 + (11 - (-6 + (-6 - -8) + -11)).
38
What is 0 - 9 - (668 - 712)?
35
What is -19 - ((-14 - 16) + 7) - -22?
26
What is the value of (7 - 3) + -9 - 9 - (-22 + 12)?
-4
What is (49 - 114 - 73) + 11?
-127
13 + 25 + -45 - 1 - 42
-50
What is the value of 63 + (12 - (-8 + (6 + -8 - -33)))?
52
Evaluate 6 - (-148 - ((-7 - -1) + -10)).
138
What is the value of (4 - 26) + (-15 - (-51 + 29))?
-15
What is 82 - (43 + -1 + 4)?
36
-12 - (48 - (-17 + 15 + 15))
-47
Evaluate -17 - (-37 + (-21 - -49)).
-8
Evaluate (-242 - -158) + 31 + (9 - 12).
-56
What is -1919 - -1793 - (19 + -6 + 0)?
-139
Evaluate (33 + -3 - (82 + (-8 - 54))) + (44 - -1).
55
464 + -478 + (37 - 1 - 7)
15
What is 14 + (-2 - -6) + (-84 + 99 - (-1 - -18))?
16
Evaluate 5 - 30 - (59 - 86) - (2 + -66).
66
Calculate 8 + -80 + -9 - 7.
-88
What is 29 + -120 - (-5 + (-1 - (5 - -2)))?
-78
Evaluate -37 - ((10 - (-9 - (-4 - 14))) + 1).
-39
What is -4 - (-56 - -75) - ((0 - 1) + 1)?
-23
(22 + -59 - -15) + (7 - (-20 + 11) - 10)
-16
Evaluate 31 + -70 + 37 - (-15 + 0) - -26.
39
What is the value of (36 + -32 + 3 + 40 + -2 - -12) + -11?
46
Evaluate (-2241 - -2312) + -75 + -1.
-5
Calculate 137 + -213 - (-60 - -1).
-17
(-10 + (0 - -12 - -2) - 30) + 11
-15
Evaluate -87 + 14 + (11 - 0 - (13 + -37 + 37)).
-75
Calculate (1 - (-76 + -22 + 39)) + -1.
59
What is the value of 1 + (3 - (-1 + 12)) + (0 - -5) + -8?
-10
What is (1 - 1) + (118 - 207) + (-70 - -16)?
-143
Evaluate -18 + (-14 - 14) + 25 + -3 + 2.
-22
What is the value of -12 + (-5 - -6) - (108 + -13 + 2 - 14)?
-94
What is -52 + (14 + 47 - -26)?
35
(-2 - (-10 - 31 - 6)) + -1 + (-1 - 12)
31
Evaluate 43 - (165 - (-15 + 87)).
-50
Evaluate 8 - ((6 - (-9 + 18 - (0 - 3))) + -51).
65
(-75 - -32) + -20 + 67
4
What is -72 + (19 + -12 - 24)?
-89
-22 + -25 - -44 - 29
-32
What is the value of -5 + -2 + -2 + (0 - (-14 + -9) - -21)?
35
What is the value of -117 + (59 + 209 - 118)?
33
Calculate (-2 - 2) + (24 - 18) + (0 - 1) + 23.
24
2 - (-47 + (-2 - 4) + (12 - 27 - -13))
57
What is the value of (49 - 11) + -154 + 153?
37
(-68 - (5 + (-15 + 5 - (4 + 0)))) + -11
-70
21 + (-89 - -24 - -18) - 29
-55
What is 170 - 154 - (-3 + (-4 - -7) + (-1 - -5))?
12
Evaluate -1 + -42 - (22 + 20 + 2).
-87
Evaluate -130 + 10 + -3 + 0 + 0 + 15.
-108
Calculate -20 + (2 + 3 - (-87 + 114)).
-42
Evaluate -13 + 12 + 50 - (2 + -5 - -4).
48
What is the value of 0 + (0 + 1 - (22 - -17)) + (13 - 13)?
-38
Calculate 449 + -401 - (2 + -27 + 1).
72
Evaluate (47 - 16 - 47) + 0 + 7 - (-77 + 3).
65
36 + -2 - ((-52 + 29 - -33) + 4)
20
What is the value of (-230 - (-57 - 21)) + 78?
-74
Calculate -3 + 17 + (-1147 - -1105).
-28
What is the value of -2663 + 2665 + 30 + 1?
33
What is (-647 + 653 - (12 - 2)) + 131?
127
What is the value of 17 - (9 + 14 + (-47 - (6 + 9)))?
56
8 - 20 - (0 - (-5 + 3) - (9 - 13))
-18
What is the value of 52 + -85 + -16 + 3?
-46
-9 + 1 + 11 + (1 - (-3 + -30))
37
Calculate -48 + 82 - ((7 - 17) + 14).
30
Calculate -21 + (23 - 31) + 54 - -17.
42
What is the value of -47 - (-141 + 137 + (6 - 1)) - -12?
-36
What is -36 + (-1 + -11 - (-1 + (-8 - 7)))?
-32
What is (-1 + 5 - (-18 - (-17 + 21 - 27))) + -6?
-7
What is 48 - (2 - -115 - 30)?
-39
(30 - (125 - 74)) + 1 + 0
-20
Calculate -24 + (-167 - -100 - -133).
42
What is 20 + -40 + (-21 - -39)?
-2
17 + (-12 - -56) - 63 - (-1 + -1 + -74)
74
What is -134 + (29 - (65 - 106))?
-64
Calculate 44 + -41 + ((1 - -18) + -22 - (-29 + 1)).
28
What is the value of 13 + -2 + 7 + (34 - 104)?
-52
Calculate (5 - 13) + 30 + 10 + (-16 - (9 + -19)).
26
What is 6 - 5 - (3 + 4 - (-31 - -25 - 13))?
-25
What is the value of (7 + -6 - 36) + (291 - 173)?
83
Calculate 58 - (-58 + 140 + -24).
0
Calculate (22 - 4) + (-41 + 52 + -17 - (5 - -1)).
6
(80 - 99) + (5 + 8 - -2)
-4
Evaluate (-46 - -1 - 3) + -18 + -17 + (2 - -35).
-46
What is 26 + (90 - -41) + -94?
63
Calculate (-434 - -481) + (-7 - (6 - -12)).
22
Calculate -28 + 33 + 6 + 86 + -9.
88
What is 86 - (53 + 76 - 45)?
2
What is (-2 - (-28 + 5)) + (-109 - -96)?
8
Calculate 10787 + -10786 + -13 + -1 + 0 + 1.
-12
What is the value of 10 - (-3 + (-74 - 2 - (-73 + 82) - -11))?
87
Calculate (74 - 68) + 5 + 4 + -50.
-35
Evaluate 129 + -280 + 39 + 46.
-66
Evaluate 2 + 2 + 29 - (-1566 + 1574).
25
What is the value of (173 - 117) + -95 + -29?
-68
What is 5 + (62 - 9) + -10 + -6 + 15?
57
2 + -23 + 7 + 9 + 1 + -59
-63
What is 49 - 2 - (10 + (7 + 4 + -10 - 6))?
42
What is the value of -49 - (104 + -278 - -94)?
31
What is 116 - (-18 + (18 - -55))?
61
Evaluate -4 + -1 - (44 + -46 + 18).
-21
What is the value of -7 + 3 + 21 + -52 + -13 + 2?
-46
What is 46 - (-15 - (24 - 96)) - (13 + -1)?
-23
Calculate (-5 - 0 - -58) + 27.
80
Calculate -55778 + 55772 + (-1 - 0) + (-30 - 2).
-39
Calculate -6 + 14 + (12 - (6 - -29)) - 31.
-46
Evaluate (-2 + 1 - 47) + (17012 - 16996).
-32
What is the value of (-2353 - -2354) + (88 - -2)?
91
Calculate -44 - (-11 - -6 - (-5 + -27 + 37)).
-34
Calculate -7 + 9 + 47 - 96.
-47
Calculate -113 + (1 + -13 + (-1 - -2) - (4154 - 4173)).
-105
What is the value of -4 - (-13 + 13 + 3 + 14 + -40)?
19
What is 37 + (-62 + 18 + 21 - 14)?
0
Evaluate -73 + -85 + 104 + -35.
-89
-45 + (-19 - -83) + -3 + 4
20
-279 + 299 + (0 - (4 + -15))
31
What is -4 - -13 - (73 - 3) - 17 - 7?
-85
126 - (1 + -7 - (19 - (33 - (31 + -30))))
119
(-20 - (15 + 2 - (69 - 65))) + 14
-19
What is the value of (-47 + 73 - (-3 + 34)) + -43?
-48
What is -24 - 6 - (104 - 190) - (2 - 20)?
74
Calculate (-32 - (-170 + 49) - 47) + -23.
19
12 - ((-18 - -26 - (-1 + 1)) + -4 + -13)
21
90 + (-6 - (-13 - (-13 + -21 + 11 + 14)))
88
What is the value of 40 - -38 - 53 - -7?
32
What is 44 - 97 - (-10 + 6 - 4 - (-2 + 2))?
-45
What is -303 - -209 - (-218 - -41)?
83
Calculate (-22 - 33) + 4 - (7 + (2 - 3) - 4).
-53
-7 + (1 - 6) + (-2 - (21 + -26)) + -8
-17
(64 - (36 + 3)) + -57 + 36
4
What is 12 + -39 + -17 + 46 - 30?
-28
Evaluate -2 + 1 + -9 + 0 - (146 + -233 + 49).
28
What is the value of (2 - 2) + (3 - 1) + 2 + 72 + -39?
37
What is the value of -29 - (-3 - (-8 - -3) - (2 + 7))?
-22
Evaluate 11 + -20 + 11 - 14 - -11 - -9.
8
What is the value of -24 + (-48 - -2) - ((1 - 0) + (8 - 5))?
-74
21 - (58 + 18 + -23)
-32
What is 25 + 115 + -126 + -47 + (2 - -1) + 0?
-30
What is -2 + (1 - 1 - (77 - 67 - (1 - 0)))?
-11
2 + 16 + -753 + 766 - 21
10
Calculate -10 - (19 + -18 + 2) - 1.
-14
Calculate (28 - (3 + -5) - (-6 - 5)) + -1.
40
Evaluate -31 + 10 + 21 + 46.
46
Calculate (-2 - -33) + 150 + -164 - (5 + -106).
118
(-1 - -17) + 1546 + -1546
16
Evaluate -3 - (-22 + (-28 - 48) + 33).
62
What is -20 - (-64 + 103 + -27)?
-32
What is the value of 5 + (-18 - -8 - -11) + (-41 - 9)?
-44
-4 + 8 - -24 - (-61 - (35 - 122))
2
What is the value of 6 - (0 + -3) - (118 + -27 + (23 - 22))?
-83
Calculate -80 + 44 + (69 - 37).
-4
What is (-158 - -59 - -153) + -66?
-12
What is the value of (29 - -10) + (46 - 107)?
-22
Evaluate -71 + 66 + (226 - 111).
110
Calculate 10 - (80 - (3 - -12 - 5)).
-60
Calculate (21 - -118) + -104 + 61.
96
Calculate (14 - (14 + -9)) + 1 + -5 + -11 - 10.
-16
What is -1 - (4 + 0) - (41 - (331 - 231))?
54
7 - (54 + (-6 + 10 + -5 - 5 - 1))
-40
What is the value of -215 - -181 - (-110 + -20)?
96
What is the value of -94 - (74 + -244 + 110)?
-34
What is the value of 15 - (28 - (-27 + 56))?
16
Calculate 0 + (-89 + 94 - -74).
79
((4 - 41) + -2 - -4) + 104 + -101
-32
(-10 - (-12 + 0 + -23 - 13)) + 0
38
What is (-37 + 1 + 36 - 23) + (2 - 16)?
-37
What is (22 - 1) + 17 + -3 + -29 + 42?
48
Evaluate 17 - ((423 - 433) + -6 + 0) - -2.
35
What is 11 - ((43 - 22) + -5)?
-5
What is the value of (7 - 4 - -67) + -2 - (5 - (1 + 2))?
66
What is the value of (-12 - (-85 + (3 - ((-8 - -33) + -13)))) + 2?
84
What is the value of -13 - -24 - 13 - (-12 + 13 - -5)?
-8
What is the value of -51 + 184 + (-50 - 33)?
50
-453 + 577 - (-9 - -147)
-14
What is the value of (179 - 111) + 14 + -2 + 13?
93
62 - ((42 - 20) + 25)
15
What is the value of 498 - 493 - (-5 - 1 - 0) - (-28 + 18)?
21
(27 - 10) + -67 - -48
-2
Evaluate -1709 + 1700 + 43 + (-4 - -4).
34
What is the value of -10 + (11 - 28) + (26 - -7)?
6
What is 